on divisor of y and p.
45
Let w(k) = 7*k**2 + 27*k - 661. Let f be w(22). Calculate the highest common divisor of f and 9.
9
Suppose 315*i - 469 = 55*i + 10191. What is the greatest common divisor of i and 20459?
41
Let i(j) = 2*j + 106. Let t be i(25). Let d be 0 + (15 - 9) + -3 + 1. Calculate the greatest common divisor of d and t.
4
Let k be ((-17)/(-51))/((-3)/4599). Let z = k + 531. Calculate the greatest common factor of 20 and z.
20
Let q be -6 - (-24)/(-12)*-52. What is the greatest common divisor of 1022 and q?
14
Let u = 248 + -186. Suppose -4*j - 4 = -12. Suppose -2*y + 25 = -g + j*g, 0 = -g + y + 34. Calculate the highest common factor of u and g.
31
Suppose 87 = 4*u + 5*z - 8*z, -2*u + 5*z + 19 = 0. Calculate the greatest common factor of u and 43.
1
Let l(i) be the second derivative of -i**4/12 + 5*i**3/6 - i**2/2 + 8*i - 5. Let c be l(4). What is the greatest common divisor of c and 15?
3
Suppose -7 = 3*r - 0*a - 4*a, -a = r + 7. Let h(b) = -7*b - 13. Let m be h(r). Suppose 17*o - m*o + 315 = 0. What is the greatest common factor of o and 9?
9
Let p be 2/(1608/798 - 2) + 0. Suppose -132*s + p*s - 51 = 0. Calculate the greatest common factor of s and 9.
3
Let r(i) = -32*i - 27. Let k be r(-5). Let z = k - -241. What is the greatest common factor of 22 and z?
22
Suppose -673*t = -672*t - 11. Suppose -32*a + 27*a + 205 = 0. Suppose a = -5*u + 426. Calculate the greatest common factor of t and u.
11
Suppose 112 = 2*m + 2*t + 2*t, 2*m + 5*t - 118 = 0. What is the highest common factor of m and 1606?
22
Suppose 4*d - 1265 = -d. Let h be (-9)/(-18)*(-36)/(-27)*(-138)/(-4). Calculate the greatest common divisor of d and h.
23
Let c(i) = -i**2 + 22*i - 17. Let k be c(21). Suppose 4*h + 4 = 0, 11*l + k*h - 2 = 10*l. What is the highest common divisor of 20 and l?
2
Let z be 8/6*(1 + 2). Let o(p) be the first derivative of -p**3/3 + 4*p**2 - 14*p - 87. Let m be o(4). What is the greatest common factor of z and m?
2
Let s be (-6)/(4/2 + 29/(-14)). Let r = s + 22. Calculate the highest common divisor of 2 and r.
2
Let h = 548 + -544. Let v(d) = -d**3 + 20. Let r be v(-6). Calculate the greatest common factor of r and h.
4
Let i be 0/9 - (2 + -2 - 7). Suppose 105 = i*l - 42. Let m = l + 69. What is the greatest common factor of 18 and m?
18
Let y(l) = 40*l - 15. Let n(q) = 39*q - 15. Let c(i) = 3*n(i) - 2*y(i). Let r be c(2). What is the greatest common divisor of 118 and r?
59
Let m(l) = -4*l**2 - 31*l - 23. Let p be m(-7). Let o be ((-15)/p)/((-21)/(-112)). Calculate the greatest common divisor of 140 and o.
20
Suppose 5*y - 65 = -0*y. Let l be (-21930)/(-408) + ((-9)/12 - 1). Let u be 444/y - ((-304)/l - -6). What is the highest common factor of u and 136?
34
Let r = -2233 + 2354. Calculate the highest common factor of r and 9801.
121
Let a be 8 + 0 + -8 + 2*3. Let b = -41 + 54. Let i(f) = 4*f - 10. Let u be i(b). Calculate the highest common divisor of a and u.
6
Let t = 33550 + -33514. Let c = 441 - 177. What is the greatest common factor of c and t?
12
Let c = 6765 + -6757. Suppose p - 476 = 4. Calculate the greatest common divisor of p and c.
8
Suppose 5*l = 4*m - 0*m + 3088, 3*l - 1846 = -m. Suppose -7*z + 29*z = l. What is the greatest common factor of z and 70?
14
Suppose -22*k + 216 = -70. Let u(j) = 21*j - 237. Let h be u(k). Calculate the greatest common factor of h and 180.
36
Suppose 8*v = 10*v - 4*f + 12, -4*v + 21 = f. What is the highest common divisor of v and 148?
4
Let s(r) = -r**3 + 29*r**2 + 64*r - 55. Let a be s(31). Let b be -7 - (a + 2516/(-4)). What is the highest common divisor of b and 15?
15
Suppose 10*f = 3215 - 245. Let m(u) = -u**2 - 25*u + 37. Let x be m(-26). What is the highest common factor of f and x?
11
Suppose -700 = 5*u + 4*a, 4*a - 560 = -0*u + 4*u. Let v = u - -143. Calculate the highest common divisor of 57 and v.
3
Let j(n) = -10*n + 464. Let u be j(22). What is the greatest common divisor of 6649 and u?
61
Suppose 0 = 49*y - 198*y + 234377. What is the highest common divisor of y and 1716?
143
Let j(l) = -7*l - 132. Let o be j(-19). Let p be (6 - 75/10)*o*-12. What is the greatest common factor of p and 48?
6
Let b = -162 - -162. Suppose -5*g - 107 + 387 = b. Calculate the greatest common factor of g and 48.
8
Let t be (-6)/(-3) + -1 + (3 - 0). Let r be (t/(-10))/(1043/175 - 6). Suppose -5*m = 0, -5*v + 3*m = 7*m - 50. Calculate the greatest common factor of r and v.
10
Let s(x) = 8*x - 24. Let p be (-5)/4*((-6)/(-1) - 18). Let m be (28/84)/(1/p). Let f be s(m). Calculate the highest common divisor of 32 and f.
16
Suppose 4*n + 89 = 6*n - l, 15 = -3*l. Let y = 589 + -505. What is the highest common factor of n and y?
42
Let m be 15/(-11 + 46/4). What is the highest common divisor of 3750 and m?
30
Suppose 0 = -z - z - 3*m, 5*z = -4*m + 14. Let q be z/(-4)*(-448)/24. Let x be (28/(14*5/105))/((-2)/(-12)). What is the highest common divisor of q and x?
28
Let m be 6 + (-1 - (246 - 2)). Let f = -147 - m. What is the greatest common factor of f and 115?
23
Let c(u) = -26*u + 985. Let f be c(10). What is the greatest common factor of f and 30?
5
Let i(z) = -z**3 - 41*z**2 - 55*z - 170. Let s be i(-40). Calculate the highest common factor of 80 and s.
10
Let o(d) = 428*d + 308. Let l be o(5). What is the highest common factor of 2754 and l?
306
Let z be ((-92)/(-3))/(44/726). Suppose -8*u + 10*u = z. Suppose -4*o + 3*o - 3*l + 14 = 0, l = 4*o - 95. Calculate the highest common factor of u and o.
23
Suppose 6*g + 32*g - 5624 = 0. What is the highest common divisor of g and 12?
4
Suppose 1398 = 5*w - w - 5*v, v = 5*w - 1758. Let g(j) = 68*j**2 - 479*j + 32. Let z be g(7). Calculate the highest common factor of w and z.
11
Suppose -33376 = -95*c + 52314. What is the highest common factor of 246 and c?
82
Let f be (-6)/(15/60 + 8/(-26)). Let q = 214 - 91. Let z = q - f. What is the greatest common divisor of 209 and z?
19
Let d be ((6 - 9) + 4)*(0 - 0). Suppose -5*j + d*j = -1770. Calculate the greatest common divisor of j and 6.
6
Let w be (11/44 - 22/(-40))*5. Suppose 2*h + 2*h = -3*t + 88, t - w*h = 8. Calculate the greatest common divisor of t and 2.
2
Suppose 0 = 4*w + 2*q - 210, 40*q - 36*q - 102 = -2*w. Let a = 3 + -4. Let u be (-2)/a + 0 + 51. Calculate the highest common factor of u and w.
53
Suppose 184 = 16*k - 56. Suppose -87 + 117 = w. Calculate the highest common divisor of k and w.
15
Suppose m - 3*b = -8*b + 308, -844 = -3*m + 5*b. Let o = -1171 + 1248. Suppose 99*a - o*a = 704. Calculate the highest common factor of m and a.
32
Let k be (119376/22 - 8/44) + (-912)/304. What is the greatest common factor of 374 and k?
187
Let p(b) = 18*b**2 - 430*b - 13. Let z be p(24). Calculate the greatest common divisor of 4179 and z.
7
Let z = 2350 - 2345. Calculate the highest common factor of z and 6945.
5
Suppose -4*w = -q - 8 + 48, 4*q - 196 = -2*w. Let p = 30490 - 29962. What is the greatest common divisor of q and p?
48
Let u(z) = -z**3 + 59*z**2 - 397*z + 78. Let c be u(51). What is the highest common factor of c and 3?
3
Let r be (-3 + 20 + 4)*5*27/189. Let j(f) = -f**3 + 4*f**2 + f + 2. Let h be j(4). Calculate the highest common divisor of r and h.
3
Suppose -j + 15 + 1 = 0. Let n be 7 + (1 - -15) + -7. What is the highest common factor of j and n?
16
Let w be 25/(50/36)*(-112)/(-6). Suppose 9*j = 13*j - w. Calculate the greatest common divisor of j and 60.
12
Let k = 6987 - 6259. What is the greatest common divisor of 2093 and k?
91
Let a(h) = 297*h**2 + 43*h + 83. Let z be a(-2). Calculate the greatest common divisor of 15 and z.
15
Suppose -2*t = -i - 512, 249*i = 252*i. Suppose 192 = -m + 3*m. Calculate the highest common divisor of t and m.
32
Let i = 27 - -73. Suppose -4*r + i = 4*m, -m = -6*r + 9*r - 19. What is the greatest common factor of m and 112?
28
Suppose -418*i + 27676 = -374*i. Calculate the highest common factor of i and 703.
37
Let a be -7 - (-14)/(56/468). What is the greatest common divisor of 242 and a?
22
Let y be (156/8)/(-1)*24/(-9). Let w be (-2 + 35/14)*y/1. Suppose -3*p - q - 3*q = -w, -p = -q - 18. Calculate the greatest common divisor of 112 and p.
14
Let b(x) be the second derivative of 0 - 7*x - 5/6*x**3 - x**2 + 1/12*x**4. Let c be b(6). Calculate the grea